) = -554*k + 5919. Determine u(8).
1487
Let f(v) = 3990*v - 11448. Determine f(3).
522
Let b(j) = 99*j - 7448. Calculate b(76).
76
Let b(j) = -3*j**3 + 7*j**2 + 48*j + 316. Give b(-9).
2638
Let q(j) = -9*j**3 + 1197*j**2 + 24*j - 3175. What is q(133)?
17
Let q(j) = 3*j**2 + 1862*j - 98423. Give q(49).
18
Let z(m) = -m**3 - 881*m**2 + 18023*m - 42. Give z(20).
18
Let h(q) = -15*q**2 - 2373*q - 7124. What is h(-3)?
-140
Let d(o) = 85702*o + 428514. Determine d(-5).
4
Let j(n) = n**3 + 36*n**2 + 80*n + 16. What is j(-35)?
-1559
Let d(j) = -35*j**2 + 375*j - 1027. Determine d(5).
-27
Let y(f) = -8*f**2 + 6778*f - 145217. Determine y(22).
27
Let s(k) = 52*k**2 + 1866*k + 1616. What is s(-35)?
6
Let b(d) = 1418152*d - 4254448. Calculate b(3).
8
Let n(q) = -164*q + 8028. Calculate n(49).
-8
Let v(g) = -86*g**3 - 2*g**2 + 13*g + 15. Give v(2).
-655
Let g(c) = -1512*c + 69528. Determine g(46).
-24
Let i(n) = -849*n + 112714. Give i(133).
-203
Let u(j) = -j**3 - 121*j**2 + 497*j + 14. Calculate u(4).
2
Let s(a) = 4237*a - 550817. Give s(130).
-7
Let g(c) = -2*c**3 + 86*c**2 - 19*c + 1. Determine g(43).
-816
Let x(f) = -3748*f - 8553. Calculate x(-3).
2691
Let o(t) = -6*t**2 - 3802*t - 59280. Give o(-16).
16
Let u(w) = 5*w**3 + 1229*w**2 + 3401*w + 162. Give u(-243).
405
Let a(s) = -s**2 - 169*s + 47857. Give a(-319).
7
Let v(r) = r**2 + 107*r + 2801. Determine v(-47).
-19
Let o(d) = -210*d**2 + 1293*d + 200. Determine o(7).
-1039
Let d(w) = -w - 167. Give d(17).
-184
Let i(w) = -w**3 + 16*w**2 - 127*w + 4137. Calculate i(20).
-3
Let t(y) = -y**2 - 366*y + 144593. Give t(239).
-2
Let l(o) = o**3 + 27*o**2 - 68*o + 631. Calculate l(-30).
-29
Let b(a) = 17*a**3 + 148*a**2 - 298*a + 10. Determine b(2).
142
Let o(j) = 3*j**3 - 33*j**2 + 86*j - 3. Determine o(5).
-23
Let t(v) = 1547*v - 3218. What is t(2)?
-124
Let a(l) = 5*l**3 - 10*l**2 + 107*l - 202. Determine a(5).
708
Let d(i) = 3*i**3 + 22*i**2 + 134*i + 84. What is d(-6)?
-576
Let c(x) = -x**3 - 9*x**2 - 44*x - 140. Calculate c(-6).
16
Let o(y) = -8*y**3 + 133*y**2 - 516*y - 10. Give o(4).
-458
Let m(t) = t**3 - 11*t**2 + 65*t - 620. Calculate m(11).
95
Let q(l) = l**3 - 227*l**2 + 283*l - 12893. Give q(226).
-11
Let l(u) = u**3 + 77*u**2 - 14267*u + 6. Give l(-164).
-158
Let r(q) = 230*q**2 + 1370*q - 6186. Calculate r(3).
-6
Let t(p) = p**2 - 19443*p - 116667. Give t(-6).
27
Let o(j) = 75467*j + 47921543. Determine o(-635).
-2
Let l(v) = 312*v + 2806. Calculate l(-5).
1246
Let z(p) = -1664901*p + 9989402. Give z(6).
-4
Let n(u) = -968*u + 3124. Calculate n(3).
220
Let k(i) = i**2 - 540686*i + 2703405. Determine k(5).
0
Let j(i) = 3*i**3 + 281*i**2 - 133*i - 3700. Determine j(-94).
-34
Let h(l) = l**3 + 10*l**2 - 2378*l - 14655. Determine h(-51).
-18
Let i(v) = 122*v + 2823. Give i(-22).
139
Let z(w) = 82193*w + 82197. What is z(-1)?
4
Let f(r) = 5*r**2 + 131*r + 19. Determine f(-11).
-817
Let j(w) = -3*w**3 - 350*w**2 + 136*w + 2170. What is j(-117)?
-53
Let c(q) = -3*q**2 + 1603*q - 522. Calculate c(534).
12
Let l(j) = 4*j**2 + 1134*j - 55383. Determine l(-326).
37
Let k(m) = -12*m**3 + m**2 + 19*m - 22. What is k(4)?
-698
Let b(k) = -4*k**2 - 288*k + 28783. Determine b(56).
111
Let p(w) = -225*w**3 + 20*w**2 + 40*w - 5. Calculate p(2).
-1645
Let x(d) = -6527*d - 1573000. What is x(-241)?
7
Let p(v) = -586*v**2 + 121*v + 117. Determine p(-1).
-590
Let t(c) = c**2 - 117*c - 20861. Calculate t(219).
1477
Let c(z) = 1210*z - 3261. Give c(4).
1579
Let s(u) = -5*u**2 + 79*u - 164. What is s(8)?
148
Let z(c) = -2164*c - 177526. Give z(-82).
-78
Let v(t) = t**2 - 81*t - 3879. Give v(-34).
31
Let d(z) = -4*z**2 - 2961*z + 29725. Calculate d(10).
-285
Let z(l) = -l**2 + 37450*l - 1010441. Determine z(27).
-20
Let l(c) = -314193*c + 2513550. Determine l(8).
6
Let k(x) = -143*x - 1550. Give k(-6).
-692
Let v(h) = h**3 + 179*h**2 - 1766*h + 609. Calculate v(9).
-57
Let t(j) = -7*j**3 + 3224*j**2 + 1374*j + 4343. Determine t(461).
194
Let w(u) = 3225*u - 9672. Calculate w(3).
3
Let t(z) = -52058*z - 208227. What is t(-4)?
5
Let x(q) = 32*q**3 - 25*q**2 + 75*q + 6. Determine x(3).
870
Let b(v) = -v**3 - 52*v**2 + 166*v + 3029. Calculate b(-54).
-103
Let a(k) = 1287*k**2 - 2628*k + 43. Determine a(2).
-65
Let b(k) = 3*k**2 + 341*k + 659. Calculate b(-115).
1119
Let i(u) = -12892*u + 2114287. Determine i(164).
-1
Let u(b) = -828952*b - 9118478. Determine u(-11).
-6
Let p(i) = 8*i**2 + 13645*i - 239495. What is p(-1723)?
2
Let c(f) = 80*f - 152. Calculate c(0).
-152
Let r(f) = -f**3 + 9*f**2 + 142*f + 320. Determine r(-6).
8
Let x(n) = -3*n**2 - 19652*n + 433846. Determine x(22).
50
Let j(x) = -113*x**2 - 8303*x + 12908. Give j(-75).
8
Let n(q) = -1106*q - 95109. Calculate n(-86).
7
Let d(y) = -5872*y**2 - 111565*y + 59. What is d(-19)?
2
Let r(s) = -793*s**2 - 1513*s + 133. Give r(-2).
-13
Let d(y) = 2*y**3 + 162*y**2 + 2013*y + 9186. Calculate d(-67).
7
Let g(m) = -8724*m**2 + 114*m + 123. Give g(-1).
-8715
Let y(g) = g**2 - 157895*g + 1263102. What is y(8)?
6
Let r(v) = -2*v**3 - 31*v**2 + 91*v + 341. Calculate r(-16).
-859
Let n(f) = 28*f**3 + 3*f**2 - 975*f - 977. What is n(-1)?
-27
Let t(a) = -753*a + 9785. Give t(13).
-4
Let v(d) = -8*d**2 - 99*d + 41. Calculate v(-9).
284
Let c(m) = -19*m**3 + 4*m**2 + 62*m + 230. Give c(-4).
1262
Let d(m) = 5424*m - 629429. Give d(116).
-245
Let k(w) = 3*w**3 - 258*w**2 + 250*w + 389. What is k(85)?
-36
Let p(j) = -14487*j - 86955. Determine p(-6).
-33
Let z(g) = g**3 - 60*g**2 - 2216*g - 14323. Give z(-9).
32
Let x(d) = 1361*d - 88400. Give x(65).
65
Let x(b) = -34641*b - 34634. Calculate x(-1).
7
Let o(u) = -237*u + 57129. Give o(241).
12
Let a(f) = 4*f**2 - 3991*f + 46347. Give a(986).
5
Let c(i) = 827456*i + 1654913. Give c(-2).
1
Let g(d) = d**3 + 1905*d**2 + 7586*d - 98. What is g(-4)?
-26
Let u(d) = -9*d**2 + 272*d - 556. What is u(22)?
1072
Let o(j) = j**3 - 42*j**2 - 226*j - 437. Determine o(47).
-14
Let h(l) = l**3 - 196*l**2 + 1131*l + 2135. Calculate h(190).
425
Let k(x) = x**3 - 4*x**2 - 23626*x + 118114. Calculate k(5).
9
Let w(m) = m**3 - 29*m**2 + 82*m + 178. Give w(25).
-272
Let u(z) = z**3 + 39*z**2 - 93*z - 162. Determine u(0).
-162
Let s(q) = -8*q**2 + 286*q + 872. Give s(-5).
-758
Let w(g) = -3460*g**2 + 51891*g + 32. What is w(15)?
-103
Let r(k) = k**2 - 7374*k + 139743. Give r(19).
-2
Let z(i) = -39*i**2 - 674*i + 2366. What is z(3)?
-7
Let q(a) = 2*a**2 + 1821*a - 33414. Determine q(18).
12
Let q(l) = -1399*l - 18152. Calculate q(-13).
35
Let q(v) = 1542*v - 79996. Calculate q(52).
188
Let g(v) = 19448*v + 78043. Determine g(-4).
251
Let n(k) = 1006*k + 12132. Give n(-12).
60
Let f(a) = -43667*a - 22139166. Determine f(-507).
3
Let o(s) = -49841*s + 3688238. Determine o(74).
4
Let p(m) = 3*m**3 + 4*m**2 - 11*m - 423. Give p(5).
-3
Let d(r) = -332*r + 4448. Calculate d(13).
132
Let o(c) = -c**3 + 11*c**2 - 700*c - 5669. Calculate o(-8).
1147
Let c(y) = -y**2 + 703516*y + 16181395. Give c(-23).
-2
Let h(b) = -2*b**3 - 109*b**2 - 47*b + 342. What is h(-54)?
-36
Let d(i) = 869*i + 109490. Calculate d(-126).
-4
Let k(b) = b**2 + 619*b - 68703. What is k(96)?
-63
Let i(b) = -2*b**3 - 63*b**2 + 878*b - 43. What is i(-42)?
125
Let j(a) = -486*a + 36440. Give j(75).
-10
Let t(w) = w**3 + 6*w**2 - 471*w + 2770. What is t(-27)?
178
Let l(p) = p**3 - 47*p**2 - 1490*p - 1696. Give l(69).
236
Let o(n) = 7915*n - 1187258. Give o(150).
-8
Let b(h) = 1444*h + 28889. What is b(-20)?
9
Let k(w) = -w**3 - 67*w**2 - 695*w - 22. What is k(-54)?
-400
Let l(r) = 8797*r + 879708. Give l(-100).
8
Let l(w) = 27*w**3 + 6*w**2 + 1418*w + 2831. Determine l(-2).
-197
Let b(a) = -579*a**2 + 26063*a - 326. Give b(45).
34
Let a(h) = -541*h**2 + 57887*h + 11. Give a(107).
11
Let i(j) = 18*j**2 - 256*j - 816. Give i(17).
34
Let a(m) = m**2 + 1256*m + 67202. Give a(-56).
2
Let u(l) = l**2 + 784*l + 7716. Determine u(-10).
-24
Let u(x) = -24*x**2 + 11*x - 21. Give u(5).
-566
Let w(j) = 4*j**2 + 173*j - 1898. Determine w(-56).
958
Let h(x) = -14*x**2 + 279*x - 1541. Calculate h(8).
-205
Let g(d) = 1049*d + 1085. Determine g(-1).
36
Let y(r) = -3547*r - 638461. Give y(-180).
-1
Let m(o) = -4*o**3 - 28*o**2 - 51*o + 8. What is m(-4)?
20
Let j(u) = 4*u**3 + 1041*u**2 + 66452*u - 10. Giv